08?
False
Is 7522882 a multiple of 16?
False
Is 19239 a multiple of 3?
True
Is 16 a factor of 363374?
False
Is 606 a factor of 723841?
False
Is 31 a factor of 739041?
False
Is 13 a factor of 5028127?
True
Is 53 a factor of 413360?
False
Does 22 divide 1553464?
True
Does 11 divide 73614?
False
Does 19 divide 87373?
False
Does 20 divide 618880?
True
Is 65721 a multiple of 41?
False
Does 19 divide 2669403?
False
Is 107 a factor of 780351?
True
Is 4 a factor of 21000?
True
Is 127512 a multiple of 308?
True
Is 63862 a multiple of 214?
False
Is 7127063 a multiple of 17?
True
Is 13 a factor of 196898?
True
Is 4 a factor of 186760?
True
Is 8792724 a multiple of 12?
True
Is 152086 a multiple of 22?
True
Does 5 divide 217894?
False
Is 384995 a multiple of 13?
True
Is 8993582 a multiple of 26?
True
Is 148 a factor of 2492019?
False
Does 30 divide 2487390?
True
Does 141 divide 20504?
False
Is 1911052 a multiple of 4?
True
Is 21 a factor of 4935408?
False
Is 23 a factor of 24657921?
False
Is 1001102 a multiple of 92?
False
Does 2 divide 112793?
False
Is 112 a factor of 394128?
True
Does 19 divide 44218?
False
Is 932274 a multiple of 980?
False
Is 14 a factor of 144032?
True
Is 269895 a multiple of 15?
True
Is 111790 a multiple of 35?
True
Is 624 a factor of 1928784?
True
Is 234145 a multiple of 66?
False
Is 137 a factor of 1070868?
False
Is 377821 a multiple of 95?
False
Does 23 divide 716657?
True
Is 138 a factor of 23046?
True
Is 2345048 a multiple of 62?
False
Is 79 a factor of 4586740?
True
Does 396 divide 5454862?
False
Is 106034 a multiple of 22?
False
Does 172 divide 315478?
False
Is 235 a factor of 6545690?
True
Is 138228 a multiple of 6?
True
Does 10 divide 3419160?
True
Is 11854588 a multiple of 664?
False
Is 346515 a multiple of 11?
False
Does 10 divide 4466448?
False
Does 25 divide 219725?
True
Is 372264 a multiple of 168?
False
Is 14 a factor of 437220?
True
Does 545 divide 373264?
False
Is 133 a factor of 6301210?
False
Is 1179444 a multiple of 38?
True
Does 465 divide 267840?
True
Is 332448 a multiple of 16?
True
Is 6 a factor of 19676?
False
Is 793 a factor of 1293383?
True
Does 80 divide 4600480?
True
Is 55230 a multiple of 263?
True
Is 90 a factor of 213480?
True
Is 4766414 a multiple of 41?
True
Is 296 a factor of 275872?
True
Does 76 divide 194028?
True
Does 1129 divide 6199339?
True
Is 259 a factor of 25483980?
False
Does 25 divide 2734225?
True
Is 43 a factor of 96263?
False
Is 2352862 a multiple of 3?
False
Does 74 divide 2604807?
False
Is 3501366 a multiple of 25?
False
Does 9 divide 47826?
True
Does 591 divide 91836?
False
Is 164 a factor of 8957516?
True
Does 53 divide 1554967?
True
Is 126901 a multiple of 22?
False
Is 156632 a multiple of 21?
False
Is 8018007 a multiple of 75?
False
Is 16 a factor of 289872?
True
Is 34271 a multiple of 44?
False
Does 16 divide 62432?
True
Does 495 divide 102465?
True
Is 688846 a multiple of 36?
False
Is 163 a factor of 276774?
True
Is 61 a factor of 116648?
False
Is 160320 a multiple of 16?
True
Is 143840 a multiple of 10?
True
Is 314781 a multiple of 5?
False
Does 51 divide 387039?
True
Is 320679 a multiple of 9?
True
Is 80599 a multiple of 4?
False
Does 487 divide 238576?
False
Is 390 a factor of 323700?
True
Does 97 divide 491402?
True
Does 1276 divide 3720816?
True
Is 20 a factor of 25876?
False
Does 368 divide 210864?
True
Is 8400 a multiple of 175?
True
Is 26 a factor of 123905?
False
Is 1440298 a multiple of 113?
True
Does 7 divide 31374?
True
Does 4 divide 5004?
True
Is 20 a factor of 47001?
False
Does 7 divide 4630?
False
Is 255 a factor of 9133054?
False
Is 8400 a multiple of 24?
True
Does 8 divide 203105?
False
Is 3 a factor of 2331570?
True
Is 728248 a multiple of 146?
True
Does 440 divide 18901499?
False
Is 48 a factor of 164064?
True
Is 200154 a multiple of 12?
False
Is 917387 a multiple of 67?
False
Is 65 a factor of 5731180?
True
Does 726 divide 829996?
False
Is 17 a factor of 199436?
False
Is 8966622 a multiple of 14?
True
Is 237380 a multiple of 249?
False
Is 288 a factor of 2204352?
True
Is 64 a factor of 8537152?
True
Is 127689 a multiple of 188?
False
Is 435668 a multiple of 339?
False
Is 22 a factor of 48633?
False
Does 3 divide 7155?
True
Is 860849 a multiple of 4?
False
Does 15 divide 1369620?
True
Is 788234 a multiple of 38?
True
Is 606195 a multiple of 13?
False
Is 4422 a multiple of 11?
True
Does 11 divide 133058?
False
Is 214555 a multiple of 47?
True
Is 661 a factor of 1378185?
True
Is 3677198 a multiple of 908?
False
Is 3210340 a multiple of 161?
True
Does 8 divide 6810963?
False
Is 3116892 a multiple of 37?
False
Does 82 divide 90049?
False
Does 3 divide 851?
False
Is 4 a factor of 71667?
False
Is 321 a factor of 107836?
False
Is 90 a factor of 6176098?
False
Does 52 divide 43507?
False
Does 7 divide 32949?
True
Does 13 divide 919659?
True
Is 442257 a multiple of 19?
False
Is 1093125 a multiple of 17?
False
Is 2 a factor of 199753?
False
Does 25 divide 9286?
False
Is 5169549 a multiple of 7?
True
Is 1510 a factor of 10653751?
False
Is 22 a factor of 282986?
True
Is 10113585 a multiple of 15?
True
Does 370 divide 531221?
False
Is 148 a factor of 192696?
True
Is 5296589 a multiple of 14?
False
Is 755392 a multiple of 22?
True
Is 577 a factor of 2024693?
True
Is 26 a factor of 648336?
True
Is 577581 a multiple of 57?
True
Is 13 a factor of 897000?
True
Is 25 a factor of 7409627?
False
Is 230 a factor of 208610?
True
Does 26 divide 138034?
True
Is 108 a factor of 1804113?
False
Is 379685 a multiple of 5?
True
Does 134 divide 62192?
False
Does 57 divide 1226722?
False
Does 247 divide 3061071?
True
Is 21168 a multiple of 16?
True
Is 4 a factor of 18249?
False
Does 208 divide 1885728?
True
Is 2956988 a multiple of 14?
False
Is 11 a factor of 140767?
True
Does 13 divide 81245?
False
Is 99 a factor of 492752?
False
Is 2553056 a multiple of 22?
True
Is 10 a factor of 333639?
False
Is 1083727 a multiple of 536?
False
Does 44 divide 3212616?
True
Does 77 divide 595911?
False
Does 369 divide 83763?
True
Is 417210 a multiple of 30?
True
Is 120640 a multiple of 20?
True
Is 2 a factor of 143704?
True
Is 5 a factor of 14355?
True
Is 83160 a multiple of 270?
True
Is 71400 a multiple of 15?
True
Is 86 a factor of 6062429?
False
Is 87171 a multiple of 49?
True
Is 4349950 a multiple of 121?
True
Does 48 divide 56166?
False
Is 52050 a multiple of 15?
True
Does 15 divide 47484?
False
Is 2617123 a multiple of 475?
False
Does 12 divide 2550685?
False
Is 7 a factor of 841092?
True
Is 28 a factor of 3320571?
False
Is 4 a factor of 11852?
True
Does 3 divide 26816?
False
Is 590 a factor of 161070?
True
Is 763906 a multiple of 26?
True
Is 22881137 a multiple of 8?
False
Is 124 a factor of 4279736?
True
Is 20 a factor of 7813800?
True
Is 232504 a multiple of 15?
False
Does 33 divide 558778?
False
Is 8944 a multiple of 559?
True
Does 10 divide 13456240?
True
Does 36 divide 491821?
False
Does 148 divide 4636044?
False
Does 56 divide 946792?
True
Does 53 divide 2626764?
False
Does 693 divide 4549545?
True
Is 231 a factor of 202356?
True
Is 685163 a multiple of 48?
False
Is 447900 a multiple of 150?
True
Is 6 a factor of 431577?
False
Is 9229428 a multiple of 1014?
True
Is 62 a factor of 1149294?
True
Does 27 divide 201007?
False
Is 933793 a multiple of 17?
True
Is 66375 a multiple of 200?
False
Is 96911 a multiple of 2?
False
Is 16 a factor of 565601?
False
Is 417963 a multiple of 39?
True
Is 60 a factor of 151800?
True
Does 25 divide 363000?
True
Is 31 a factor of 14794812?
True
Does 19 divide 324349?
True
Does 19 divide 448932?
True
Is 199 a factor of 60438?
False
Does 29 divide 146826?
False
Does 31 divide 47250?
False
Is 4490540 a multiple of 10?
True
Is 328724 a multiple of 241?
True
Does 116 divide 159045?
False
Is 26 a factor of 187619?
False
Is 180840 a multiple of 30?
True
Is 1047438 a multiple of 25?
False
Does 27 divide 2327024?
False
Is 414122 a multiple of 224?
False
Is 62 a factor of 59555?
False
Is 2670087 a multiple of 21?
True
Is 167 a factor of 98918?
False
Does 868 divide 17066803?
False
Does 38 divide 186352?
True
Is 41 a factor of 125501?
True
Is 1966180 a multiple of 213?
False
Is 1273264 a multiple of 497?
False
Is 28 a factor of 7250740?
True
Does 11 divide 3377?
True
Do